211
-2210 (base 5) to base 16
-131
-20a4 (base 13) to base 15
-151d
What is -13b7 (base 12) in base 15?
-a34
What is -d28 (base 16) in base 13?
-16c1
What is -102011 (base 3) in base 4?
-10231
Convert 3b27 (base 14) to base 15.
314d
Convert 359 (base 12) to base 9.
616
What is -10453 (base 6) in base 16?
-5c1
678 (base 11) to base 9
1101
What is -222 (base 9) in base 2?
-10110110
Convert 1120110 (base 3) to base 2.
10001111010
-10e1 (base 16) to base 7
-15412
What is 855 (base 12) in base 14?
62d
-11304 (base 5) to base 8
-1475
What is 2007 (base 15) in base 7?
25462
Convert -22220 (base 3) to base 15.
-110
1230 (base 7) to base 14
250
Convert 2182 (base 12) to base 6.
25042
-6124 (base 14) to base 5
-1013232
11d6 (base 16) to base 7
16212
-435 (base 6) to base 12
-11b
Convert 15 (base 15) to base 3.
202
2032 (base 8) to base 12
736
-4222 (base 6) to base 10
-950
Convert 12171 (base 9) to base 11.
6152
What is -3a8 (base 15) in base 16?
-341
443 (base 8) to base 10
291
-123142 (base 5) to base 16
-12bd
What is 212002121 (base 3) in base 11?
11717
What is 5c49 (base 13) in base 9?
18836
1561 (base 7) to base 8
1167
What is -150560 (base 7) in base 13?
-10325
Convert -242 (base 14) to base 2.
-111000010
What is 2a23 (base 16) in base 13?
4baa
-881a (base 15) to base 5
-1410300
-13bb (base 13) to base 3
-10220212
Convert -115333 (base 6) to base 9.
-15083
53b (base 14) to base 12
721
Convert 1c6 (base 14) to base 7.
1036
What is -10021122 (base 3) in base 16?
-959
231320 (base 7) to base 5
2310241
-264 (base 10) to base 11
-220
2437 (base 16) to base 12
5447
-311b (base 13) to base 12
-3b14
Convert 10241 (base 7) to base 10.
2528
What is 6159 (base 16) in base 12?
12509
Convert 2232 (base 6) to base 16.
20c
Convert -aa (base 13) to base 14.
-a0
742 (base 9) to base 7
1523
-3103 (base 8) to base 10
-1603
-192 (base 14) to base 16
-144
Convert b0 (base 14) to base 13.
bb
What is 9ce (base 16) in base 3?
10102222
5b0 (base 14) to base 5
14014
Convert 13132 (base 4) to base 8.
736
Convert -16403 (base 7) to base 9.
-6345
27cc (base 13) to base 15
1a80
Convert -2957 (base 12) to base 14.
-1a83
667 (base 10) to base 11
557
Convert -11010010111111 (base 2) to base 8.
-32277
What is 195c (base 15) in base 9?
7466
2440 (base 5) to base 13
226
-13355 (base 6) to base 8
-4047
What is 593 (base 11) in base 15?
322
-32649 (base 11) to base 8
-134404
Convert 15436 (base 7) to base 11.
3295
46605 (base 8) to base 14
7337
Convert 1011010000010 (base 2) to base 7.
22541
Convert -d07 (base 15) to base 8.
-5564
-957a (base 13) to base 12
-bba7
2233 (base 7) to base 4
30220
What is 2011021 (base 3) in base 12?
ab1
63324 (base 7) to base 11
107a2
7571 (base 12) to base 8
31145
Convert -1834 (base 10) to base 15.
-824
Convert 20454 (base 10) to base 14.
7650
Convert -2402 (base 6) to base 13.
-356
What is -2220 (base 6) in base 8?
-1004
What is 6757 (base 12) in base 13?
5293
-3c7 (base 13) to base 10
-670
Convert 21023 (base 4) to base 9.
722
-124110 (base 5) to base 10
-4905
Convert 1a9 (base 15) to base 7.
1056
What is 112 (base 6) in base 2?
101100
Convert 25210 (base 6) to base 8.
7246
-818 (base 9) to base 5
-10130
What is 102211 (base 3) in base 5?
2234
-10001101001101 (base 2) to base 14
-3417
Convert -25462 (base 7) to base 13.
-30ca
What is -17277 (base 8) in base 14?
-2c23
What is -1102102 (base 3) in base 4?
-100031
Convert -46311 (base 8) to base 13.
-8c41
-25340 (base 6) to base 14
-155a
What is -733 (base 10) in base 13?
-445
Convert -2aa2 (base 15) to base 2.
-10001111000000
-101101 (base 2) to base 12
-39
What is 690 (base 11) in base 7?
2256
What is b25b (base 12) in base 11?
13607
What is -bc0 (base 16) in base 12?
-18a8
Convert 64e1 (base 15) to base 12.
10441
Convert -491 (base 14) to base 6.
-4115
-8ba (base 16) to base 5
-32414
31332 (base 4) to base 14
47c
What is 182 (base 9) in base 7?
311
What is -b97 (base 16) in base 5?
-43332
Convert 100163 (base 9) to base 3.
10000012010
Convert -a6 (base 16) to base 4.
-2212
What is -25e (base 16) in base 12?
-426
214663 (base 8) to base 13
26a94
-1822 (base 11) to base 6
-14431
-11110101001 (base 2) to base 13
-b7b
13213 (base 4) to base 2
111100111
What is 2119 (base 13) in base 14?
1957
What is -215 (base 6) in base 2?
-1010011
-1aaa (base 16) to base 14
-26b8
What is 10101111001000 (base 2) in base 14?
4128
What is 100122011 (base 3) in base 13?
3274
3e5 (base 15) to base 6
4042
Convert -2a3 (base 13) to base 10.
-471
What is 27 (base 16) in base 9?
43
-3c2 (base 15) to base 3
-1011202
-2217 (base 12) to base 10
-3763
What is -1125 (base 6) in base 3?
-100222
What is 405 (base 11) in base 4?
13221
Convert -225 (base 9) to base 13.
-113
Convert 211011 (base 3) to base 4.
21112
What is -3b7 (base 16) in base 15?
-436
Convert 208c7 (base 14) to base 13.
299c3
Convert 1011010100 (base 2) to base 13.
439
-23465 (base 10) to base 16
-5ba9
Convert 1486 (base 15) to base 6.
32213
Convert 140 (base 14) to base 4.
3330
What is 102 (base 9) in base 11?
76
Convert -80694 (base 10) to base 4.
-103230312
What is 212212 (base 3) in base 11?
536
2822 (base 14) to base 11
5362
What is 2967 (base 16) in base 7?
42621
736 (base 16) to base 5
24341
Convert -10810 (base 10) to base 5.
-321220
Convert 175 (base 10) to base 11.
14a
What is 5bd (base 16) in base 10?
1469
Convert 11011 (base 2) to base 10.
27
What is -3d41 (base 16) in base 13?
-71a3
What is -7304 (base 12) in base 6?
-134004
What is -552014 (base 6) in base 11?
-31459
-131060 (base 8) to base 7
-246664
Convert -25320 (base 8) to base 4.
-2223100
What is -4035 (base 11) in base 12?
-312a
-36901 (base 11) to base 13
-1b17b
143406 (base 7) to base 15
82cc
Convert 1b96 (base 14) to base 2.
1001110101000
-11232 (base 4) to base 5
-2431
Convert -332030 (base 5) to base 16.
-2cfb
What is -8744 (base 10) in base 14?
-3288
1312 (base 5) to base 3
21200
What is 21 (base 12) in base 15?
1a
1123 (base 10) to base 16
463
What is -553 (base 13) in base 5?
-12123
a82 (base 14) to base 6
13334
What is 4623 (base 8) in base 10?
2451
-455012 (base 6) to base 9
-58038
Convert -301553 (base 7) to base 5.
-3113142
What is 599 (base 13) in base 9?
1288
What is -3642 (base 9) in base 2?
-101010010111
What is 351 (base 9) in base 11?
243
105a (base 13) to base 12
1394
11220 (base 8) to base 3
20112000
4b6 (base 12) to base 14
390
964 (base 12) to base 16
55c
What is -1443 (base 7) in base 14?
-2ca
100011110 (base 2) to base 11
240
Convert 1011011010110100 (base 2) to base 4.
23122310
Convert -121134 (base 5) to base 13.
-20b7
What is -3a6 (base 15) in base 2?
-1100111111
Convert -1ea (base 16) to base 12.
-34a
Convert 642 (base 14) to base 8.
2322
20214 (base 11) to base 3
1111112001
12677 (base 8) to base 4
1112333
Convert -13053 (base 8) to base 14.
-20d5
What is -1240 (base 7) in base 8?
-725
What is 358b (base 16) in base 5?
414312
Convert 424 (base 6) to base 7.
316
Convert -2023032 (base 4) to base 7.
-34656
Convert 12466 (base 9) to base 16.
20d3
Convert -44002 (base 5) to base 4.
-232322
Convert 32145 (base 7) to base 9.
11836
13134 (base 7) to base 14
13c4
-1442 (base 8) to base 2
-1100100010
Convert -6461 (base 7) to base 5.
-33142
5a88 (base 11) to base 3
101220212
What is -2202000 (base 3) in base 5?
-30443
2581 (base 15) to base 6
101004
Convert -223103 (base 6) to base 10.
-18831
-10430 (base 6) to base 15
-673
-111100100 (base 2) to base 16
-1e4
Convert 5146 (base 10) to base 8.
12032
-3024304 (base 5) to base 16
-be40
Convert 8110 (base 9) to base 12.
3516
What is e2c (base 15) in base 10?
3192
-b6b5 (base 14) to base 5
-2002034
-1001000111 (base 2) to base 11
-490
What is 112110002 (base 3) in base 11?
7a05
-16b5 (base 15) to base 2
-1001100011111
Convert -147220 (base 8) to base 5.
-3143010
Convert 3180a (base 12) to base 15.
1444d
What is 143 (base 12) in base 6?
523
Convert 411 (base 11) to base 10.
496
-4242 (base 12) to base 2
-1110001010010
Convert -221 (base 4) to base 12.
-35
-113031 (base 4) to base 2
-10111001101
Convert 1055 (base 7) to base 12.
27b
Convert -357 (base 13) to base 8.
-1103
Convert 113000 (base 4) to base 10.
1472
1031211 (base 4) to base 13
234c
What is -3471 (base 13) in base 7?
-30312
What is -63b (base 15) in base 9?
-1832
What 